{"id":27594,"date":"2021-02-17T11:08:51","date_gmt":"2021-02-17T10:08:51","guid":{"rendered":"http:\/\/sdg21.eu\/?post_type=db&#038;p=27594"},"modified":"2025-02-15T18:36:48","modified_gmt":"2025-02-15T17:36:48","slug":"ecovillage-hannover","status":"publish","type":"db","link":"https:\/\/sdg21.eu\/en\/db\/ecovillage-hannover","title":{"rendered":"ecovillage Hanover"},"content":{"rendered":"<figure id=\"attachment_27596\" aria-describedby=\"caption-attachment-27596\" style=\"width: 300px\" class=\"wp-caption alignleft\"><a href=\"http:\/\/sdg21.eu\/wp-content\/uploads\/2021\/02\/studiomauer-und-cityfoerster_masterplan_1280.jpg\"><img loading=\"lazy\" decoding=\"async\" class=\"wp-image-27596\" src=\"http:\/\/sdg21.eu\/wp-content\/uploads\/2021\/02\/studiomauer-und-cityfoerster_masterplan_1280-560x375.jpg\" alt=\"\" width=\"300\" height=\"201\" srcset=\"https:\/\/sdg21.eu\/wp-content\/uploads\/2021\/02\/studiomauer-und-cityfoerster_masterplan_1280-560x375.jpg 560w, https:\/\/sdg21.eu\/wp-content\/uploads\/2021\/02\/studiomauer-und-cityfoerster_masterplan_1280-250x167.jpg 250w, https:\/\/sdg21.eu\/wp-content\/uploads\/2021\/02\/studiomauer-und-cityfoerster_masterplan_1280-768x514.jpg 768w, https:\/\/sdg21.eu\/wp-content\/uploads\/2021\/02\/studiomauer-und-cityfoerster_masterplan_1280-16x12.jpg 16w, https:\/\/sdg21.eu\/wp-content\/uploads\/2021\/02\/studiomauer-und-cityfoerster_masterplan_1280.jpg 1280w\" sizes=\"auto, (max-width: 300px) 100vw, 300px\" \/><\/a><figcaption id=\"caption-attachment-27596\" class=\"wp-caption-text\">Fig.: Studio wall\/City Forester<\/figcaption><\/figure>\n<p><strong><span class=\"postal-code\">D - 30539<\/span> Hanover Kronsberg:<\/strong> Angrenzend an die Expo-Siedlung <a href=\"http:\/\/sdg21.eu\/db\/hannover-kronsberg\">Hanover-Kronsberg<\/a> soll das &#8222;ecovillage Kronsberg&#8220; entstehen. Tr\u00e4ger ist die Genossenschaft ecovillage hannover eG, die 2019 gegr\u00fcndet wurde. Die Genossenschaft hat das 49.300 m\u00b2 gro\u00dfe Grundst\u00fcck 2021 von der Stadt Hannover gekauft. Ab 5\/2024 befindet sich die Genossenschaft in einem Insolvenzverfahren in Eigenverwaltung. Fertigstellung: ?<\/p>\n<p><!--more-->Approx. 500 low-cost apartments in a good social mix are planned, of which 40 % are particularly low-cost as they are subsidised with housing construction funds. A construction-ready development plan is in place, the access roads have been completed and from the beginning of 2022 around 100 apartments per year should be ready for occupation. In addition to the cooperative apartments, there will be parking spaces for approx. 70 mobile private tiny houses. Total number of residents approx. 1,000.<\/p>\n<p>The aim is to create a variety of housing forms that reflect different approaches to sufficiency living. In addition to \"classic\" self-contained apartments, shared apartments and \"cluster apartments\" are also possible, all apartments with reduced private living space (max. 30 m\u00b2 per person) and access to many communal facilities. The neighbourhood is being developed from scratch by the future residents, more than 200 people in approx. 15 working groups since the start of planning. It is not the urban planners who plan, but the future residents, some of whom are highly qualified, who plan and seek advice from experts.<\/p>\n<p><strong>Building standard<br \/>\n<\/strong>&#8211; Ausschlie\u00dflich Passivhausbauweise<br \/>\n- CO<sub>2<\/sub>-storage through wooden construction<br \/>\n&#8211; Weitestgehender Einsatz \u00f6kologischer Baustoffe<\/p>\n<p><strong>Energy concept<\/strong><br \/>\n&#8211; Das Quartier wird bzgl. Strom, Heizung und Warmwasser vollst\u00e4ndig klimaneutral sein<br \/>\n&#8211; Alle daf\u00fcr geeignete Dachfl\u00e4chen werden f\u00fcr Solaranlagen genutzt; eigenes Stromnetz mit Mieterstromdienstleistung<br \/>\n- Heating with a \"cold\" local heating network fed by geothermal probes with decentralised heat pumps<\/p>\n<p><strong>Mobility concept<br \/>\n<\/strong>&#8211; Im Inneren des Quartiers weitgehend autofrei<br \/>\n- 0.2 car parking spaces per residential unit (city requirement), located at the edge of the neighbourhood<br \/>\n- E-car sharing, cargo bike rental<\/p>\n<p><strong>Water concept<br \/>\n<\/strong>&#8211; Maximale Verdunstung und Versickerung des Regenwassers; kein Abfluss aus dem Quartier<br \/>\n- Drinking water savings through grey water purification and use in a service water network<br \/>\n- Pilot project for a wastewater-free group of houses in planning<\/p>\n<p><strong>Links<\/strong><br \/>\n\u00d6kologisches Bauen zum Scheitern verurteilt? Insolvenz des Ecovillage Hannover<br \/>\n3. April 2024: <a href=\"https:\/\/www.deutschlandfunk.de\/oekologisches-bauen-zum-scheitern-verurteilt-insolvenz-des-ecovillage-hannover-dlf-5e8b162b-100.html\" target=\"_blank\" rel=\"noopener\">www.deutschlandfunk.de\/oekologisches-bauen-zum-scheitern-verurteilt-insolvenz-des-ecovillage-hannover-dlf-5e8b162b-100.html<\/a><br \/>\nwww.ecovillage-hannover.de\/&#8230;insolvenzverfahren&#8230;<br \/>\n<a href=\"https:\/\/www.ecovillage-hannover.de\/\" target=\"_blank\" rel=\"noopener\">www.ecovillage-hannover.de<\/a><\/p>","protected":false},"excerpt":{"rendered":"<p><strong><span class=\"postal-code\"><a href=\"http:\/\/sdg21.eu\/wp-content\/uploads\/2021\/02\/studiomauer-und-cityfoerster_masterplan_1280.jpg\"><img loading=\"lazy\" decoding=\"async\" class=\"wp-image-27596 alignleft\" src=\"http:\/\/sdg21.eu\/wp-content\/uploads\/2021\/02\/studiomauer-und-cityfoerster_masterplan_1280-560x375.jpg\" alt=\"\" width=\"300\" height=\"201\" srcset=\"https:\/\/sdg21.eu\/wp-content\/uploads\/2021\/02\/studiomauer-und-cityfoerster_masterplan_1280-560x375.jpg 560w, https:\/\/sdg21.eu\/wp-content\/uploads\/2021\/02\/studiomauer-und-cityfoerster_masterplan_1280-250x167.jpg 250w, https:\/\/sdg21.eu\/wp-content\/uploads\/2021\/02\/studiomauer-und-cityfoerster_masterplan_1280-768x514.jpg 768w, https:\/\/sdg21.eu\/wp-content\/uploads\/2021\/02\/studiomauer-und-cityfoerster_masterplan_1280-16x12.jpg 16w, https:\/\/sdg21.eu\/wp-content\/uploads\/2021\/02\/studiomauer-und-cityfoerster_masterplan_1280.jpg 1280w\" sizes=\"auto, (max-width: 300px) 100vw, 300px\" \/><\/a>D - 30539<\/span> Hanover Kronsberg:<\/strong> adjacent to the Expo-Settlement <a href=\"http:\/\/sdg21.eu\/db\/hannover-kronsberg\">Hanover-Kronsberg<\/a> soll das &#8222;ecovillage Kronsberg&#8220; entstehen. Tr\u00e4ger ist die Genossenschaft ecovillage hannover eG, die 2019 gegr\u00fcndet wurde. Die Genossenschaft hat das 49.300 m\u00b2 gro\u00dfe Grundst\u00fcck 2021 von der Stadt Hannover gekauft. Ab 5\/2024 befindet sich die Genossenschaft in einem Insolvenzverfahren in Eigenverwaltung. Fertigstellung: ?<\/p>","protected":false},"featured_media":0,"template":"","meta":[],"tags":[],"planungsbuero":[],"dekade":[219],"bundesland":[301],"nation":[406],"groesse":[398],"thema":[635,641,643,632,644,650,652,654,656,658,670,675,634,684,686,689,693,695,698,699,1173,1016,702,705,1067,713,714],"bewertung":[],"stadtregion":[328],"einzel-projekt":[],"typ":[1089],"holzbauweise":[],"geschoss":[],"charakteristik":[206,208,234,266,523,1201,368],"class_list":{"0":"post-27594","1":"db","2":"type-db","3":"status-publish","5":"dekade-in-entstehung","6":"bundesland-niedersachsen","7":"nation-de","8":"groesse-xl","9":"thema-100-ees","10":"thema-autofreies-wohnen","11":"thema-baubiologie","12":"thema-baugruppe","13":"thema-baustoff-recycling","14":"thema-biologischer-gartenbau","15":"thema-carsharing","16":"thema-dachbegruenungen","17":"thema-eigenleistung","18":"thema-elektromobilitaet","19":"thema-gemeinschaftsraeume","20":"thema-grauwasserklaerung","21":"thema-holzbau","22":"thema-kompost-oder-trenntoiletten","23":"thema-lehmbau","24":"thema-dezentrales-wasserkonzept","25":"thema-nawarohs","26":"thema-organisches-bauen","27":"thema-permakultur","28":"thema-pflanzenklaeranlage","29":"thema-preiswertes-bauen","30":"thema-regenwassernutzung","31":"thema-regenwasserversickerung","32":"thema-selbstversorgung","33":"thema-soziale-mischung","34":"thema-stellplatzfrei","35":"thema-strohballenbau","36":"stadtregion-hannover-und-umland","37":"typ-siedlung","38":"charakteristik-1-bis-2-geschosse","39":"charakteristik-3-bis-4-geschosse","40":"charakteristik-baugrundstueck","41":"charakteristik-genossenschaft","42":"charakteristik-oekodorf","43":"charakteristik-tiny-houses","44":"charakteristik-wohnprojekt","45":"gallery-content-unit","46":"czr-hentry"},"aioseo_notices":[],"_links":{"self":[{"href":"https:\/\/sdg21.eu\/en\/wp-json\/wp\/v2\/db\/27594","targetHints":{"allow":["GET"]}}],"collection":[{"href":"https:\/\/sdg21.eu\/en\/wp-json\/wp\/v2\/db"}],"about":[{"href":"https:\/\/sdg21.eu\/en\/wp-json\/wp\/v2\/types\/db"}],"wp:attachment":[{"href":"https:\/\/sdg21.eu\/en\/wp-json\/wp\/v2\/media?parent=27594"}],"wp:term":[{"taxonomy":"post_tag","embeddable":true,"href":"https:\/\/sdg21.eu\/en\/wp-json\/wp\/v2\/tags?post=27594"},{"taxonomy":"planungsbuero","embeddable":true,"href":"https:\/\/sdg21.eu\/en\/wp-json\/wp\/v2\/planungsbuero?post=27594"},{"taxonomy":"dekade","embeddable":true,"href":"https:\/\/sdg21.eu\/en\/wp-json\/wp\/v2\/dekade?post=27594"},{"taxonomy":"bundesland","embeddable":true,"href":"https:\/\/sdg21.eu\/en\/wp-json\/wp\/v2\/bundesland?post=27594"},{"taxonomy":"nation","embeddable":true,"href":"https:\/\/sdg21.eu\/en\/wp-json\/wp\/v2\/nation?post=27594"},{"taxonomy":"groesse","embeddable":true,"href":"https:\/\/sdg21.eu\/en\/wp-json\/wp\/v2\/groesse?post=27594"},{"taxonomy":"thema","embeddable":true,"href":"https:\/\/sdg21.eu\/en\/wp-json\/wp\/v2\/thema?post=27594"},{"taxonomy":"bewertung","embeddable":true,"href":"https:\/\/sdg21.eu\/en\/wp-json\/wp\/v2\/bewertung?post=27594"},{"taxonomy":"stadtregion","embeddable":true,"href":"https:\/\/sdg21.eu\/en\/wp-json\/wp\/v2\/stadtregion?post=27594"},{"taxonomy":"einzel-projekt","embeddable":true,"href":"https:\/\/sdg21.eu\/en\/wp-json\/wp\/v2\/einzel-projekt?post=27594"},{"taxonomy":"typ","embeddable":true,"href":"https:\/\/sdg21.eu\/en\/wp-json\/wp\/v2\/typ?post=27594"},{"taxonomy":"holzbauweise","embeddable":true,"href":"https:\/\/sdg21.eu\/en\/wp-json\/wp\/v2\/holzbauweise?post=27594"},{"taxonomy":"geschoss","embeddable":true,"href":"https:\/\/sdg21.eu\/en\/wp-json\/wp\/v2\/geschoss?post=27594"},{"taxonomy":"charakteristik","embeddable":true,"href":"https:\/\/sdg21.eu\/en\/wp-json\/wp\/v2\/charakteristik?post=27594"}],"curies":[{"name":"wp","href":"https:\/\/api.w.org\/{rel}","templated":true}]}}

<figure id="attachment_27596" aria-describedby="caption-attachment-27596" style="width: 300px" class="wp-caption alignleft"><a href="http://sdg21.eu/wp-content/uploads/2021/02/studiomauer-und-cityfoerster_masterplan_1280.jpg"><img loading="lazy" decoding="async" class="wp-image-27596" src="http://sdg21.eu/wp-content/uploads/2021/02/studiomauer-und-cityfoerster_masterplan_1280-560x375.jpg" alt="" width="300" height="201" srcset="https://sdg21.eu/wp-content/uploads/2021/02/studiomauer-und-cityfoerster_masterplan_1280-560x375.jpg 560w, https://sdg21.eu/wp-content/uploads/2021/02/studiomauer-und-cityfoerster_masterplan_1280-250x167.jpg 250w, https://sdg21.eu/wp-content/uploads/2021/02/studiomauer-und-cityfoerster_masterplan_1280-768x514.jpg 768w, https://sdg21.eu/wp-content/uploads/2021/02/studiomauer-und-cityfoerster_masterplan_1280-16x12.jpg 16w, https://sdg21.eu/wp-content/uploads/2021/02/studiomauer-und-cityfoerster_masterplan_1280.jpg 1280w" sizes="auto, (max-width: 300px) 100vw, 300px" /></a><figcaption id="caption-attachment-27596" class="wp-caption-text">Fig.: Studio wall/City Forester</figcaption></figure>
<p><strong><span class="postal-code">D - 30539</span> Hanover Kronsberg:</strong> Angrenzend an die Expo-Siedlung <a href="http://sdg21.eu/db/hannover-kronsberg">Hanover-Kronsberg</a> soll das &#8222;ecovillage Kronsberg&#8220; entstehen. Träger ist die Genossenschaft ecovillage hannover eG, die 2019 gegründet wurde. Die Genossenschaft hat das 49.300 m² große Grundstück 2021 von der Stadt Hannover gekauft. Ab 5/2024 befindet sich die Genossenschaft in einem Insolvenzverfahren in Eigenverwaltung. Fertigstellung: ?</p>
<p><!--more-->Approx. 500 low-cost apartments in a good social mix are planned, of which 40 % are particularly low-cost as they are subsidised with housing construction funds. A construction-ready development plan is in place, the access roads have been completed and from the beginning of 2022 around 100 apartments per year should be ready for occupation. In addition to the cooperative apartments, there will be parking spaces for approx. 70 mobile private tiny houses. Total number of residents approx. 1,000.</p>
<p>The aim is to create a variety of housing forms that reflect different approaches to sufficiency living. In addition to "classic" self-contained apartments, shared apartments and "cluster apartments" are also possible, all apartments with reduced private living space (max. 30 m² per person) and access to many communal facilities. The neighbourhood is being developed from scratch by the future residents, more than 200 people in approx. 15 working groups since the start of planning. It is not the urban planners who plan, but the future residents, some of whom are highly qualified, who plan and seek advice from experts.</p>
<p><strong>Building standard<br />
</strong>&#8211; Ausschließlich Passivhausbauweise<br />
- CO<sub>2</sub>-storage through wooden construction<br />
&#8211; Weitestgehender Einsatz ökologischer Baustoffe</p>
<p><strong>Energy concept</strong><br />
&#8211; Das Quartier wird bzgl. Strom, Heizung und Warmwasser vollständig klimaneutral sein<br />
&#8211; Alle dafür geeignete Dachflächen werden für Solaranlagen genutzt; eigenes Stromnetz mit Mieterstromdienstleistung<br />
- Heating with a "cold" local heating network fed by geothermal probes with decentralised heat pumps</p>
<p><strong>Mobility concept<br />
</strong>&#8211; Im Inneren des Quartiers weitgehend autofrei<br />
- 0.2 car parking spaces per residential unit (city requirement), located at the edge of the neighbourhood<br />
- E-car sharing, cargo bike rental</p>
<p><strong>Water concept<br />
</strong>&#8211; Maximale Verdunstung und Versickerung des Regenwassers; kein Abfluss aus dem Quartier<br />
- Drinking water savings through grey water purification and use in a service water network<br />
- Pilot project for a wastewater-free group of houses in planning</p>
<p><strong>Links</strong><br />
Ökologisches Bauen zum Scheitern verurteilt? Insolvenz des Ecovillage Hannover<br />
3. April 2024: <a href="https://www.deutschlandfunk.de/oekologisches-bauen-zum-scheitern-verurteilt-insolvenz-des-ecovillage-hannover-dlf-5e8b162b-100.html" target="_blank" rel="noopener">www.deutschlandfunk.de/oekologisches-bauen-zum-scheitern-verurteilt-insolvenz-des-ecovillage-hannover-dlf-5e8b162b-100.html</a><br />
www.ecovillage-hannover.de/&#8230;insolvenzverfahren&#8230;<br />
<a href="https://www.ecovillage-hannover.de/" target="_blank" rel="noopener">www.ecovillage-hannover.de</a></p>

<p><strong><span class="postal-code"><a href="http://sdg21.eu/wp-content/uploads/2021/02/studiomauer-und-cityfoerster_masterplan_1280.jpg"><img loading="lazy" decoding="async" class="wp-image-27596 alignleft" src="http://sdg21.eu/wp-content/uploads/2021/02/studiomauer-und-cityfoerster_masterplan_1280-560x375.jpg" alt="" width="300" height="201" srcset="https://sdg21.eu/wp-content/uploads/2021/02/studiomauer-und-cityfoerster_masterplan_1280-560x375.jpg 560w, https://sdg21.eu/wp-content/uploads/2021/02/studiomauer-und-cityfoerster_masterplan_1280-250x167.jpg 250w, https://sdg21.eu/wp-content/uploads/2021/02/studiomauer-und-cityfoerster_masterplan_1280-768x514.jpg 768w, https://sdg21.eu/wp-content/uploads/2021/02/studiomauer-und-cityfoerster_masterplan_1280-16x12.jpg 16w, https://sdg21.eu/wp-content/uploads/2021/02/studiomauer-und-cityfoerster_masterplan_1280.jpg 1280w" sizes="auto, (max-width: 300px) 100vw, 300px" /></a>D - 30539</span> Hanover Kronsberg:</strong> adjacent to the Expo-Settlement <a href="http://sdg21.eu/db/hannover-kronsberg">Hanover-Kronsberg</a> soll das &#8222;ecovillage Kronsberg&#8220; entstehen. Träger ist die Genossenschaft ecovillage hannover eG, die 2019 gegründet wurde. Die Genossenschaft hat das 49.300 m² große Grundstück 2021 von der Stadt Hannover gekauft. Ab 5/2024 befindet sich die Genossenschaft in einem Insolvenzverfahren in Eigenverwaltung. Fertigstellung: ?</p>
